{"id":10,"date":"2023-01-08T14:09:07","date_gmt":"2023-01-08T14:09:07","guid":{"rendered":"https:\/\/www.la-laurentine-1798.fr\/?page_id=10"},"modified":"2023-01-21T18:26:32","modified_gmt":"2023-01-21T18:26:32","slug":"events","status":"publish","type":"page","link":"https:\/\/www.la-laurentine-1798.fr\/?page_id=10","title":{"rendered":"Ev\u00e9nements"},"content":{"rendered":"\n<p class=\"has-text-align-center is-style-small-text has-dark-color has-text-color has-background\" style=\"background-color:#910f13\">La Laurentine, chambre d&rsquo;h\u00f4tes et d&rsquo;attentions particuli\u00e8res, organise des temps privil\u00e9gi\u00e9s pour vous ou vos proches&#8230;. Renseignez-vous&#8230;<\/p>\n\n\n\n<a title=\"Vente de billets en ligne\" href=\"https:\/\/www.billetweb.fr\/multi_event.php?multi=25274&amp;color=910e12\" class=\"shop_frame\" target=\"_blank\" data-src=\"https:\/\/www.billetweb.fr\/multi_event.php?multi=25274&amp;color=910e12\" data-max-width=\"100%\" data-initial-height=\"600\" data-scrolling=\"no\" data-id=\"25274\" data-resize=\"1\" rel=\"noopener\">Vente de billets en ligne<\/a><script type=\"text\/javascript\" src=\"https:\/\/www.billetweb.fr\/js\/export.js\"><\/script>\n","protected":false},"excerpt":{"rendered":"<p>La Laurentine, chambre d&rsquo;h\u00f4tes et d&rsquo;attentions particuli\u00e8res, organise des temps privil\u00e9gi\u00e9s pour vous ou vos proches&#8230;. Renseignez-vous&#8230; Vente de billets<span class=\"more-dots\">&#8230;<\/span><\/p>\n","protected":false},"author":1,"featured_media":5,"parent":0,"menu_order":2,"comment_status":"closed","ping_status":"closed","template":"","meta":{"footnotes":""},"class_list":["post-10","page","type-page","status-publish","has-post-thumbnail","hentry"],"_links":{"self":[{"href":"https:\/\/www.la-laurentine-1798.fr\/index.php?rest_route=\/wp\/v2\/pages\/10","targetHints":{"allow":["GET"]}}],"collection":[{"href":"https:\/\/www.la-laurentine-1798.fr\/index.php?rest_route=\/wp\/v2\/pages"}],"about":[{"href":"https:\/\/www.la-laurentine-1798.fr\/index.php?rest_route=\/wp\/v2\/types\/page"}],"author":[{"embeddable":true,"href":"https:\/\/www.la-laurentine-1798.fr\/index.php?rest_route=\/wp\/v2\/users\/1"}],"replies":[{"embeddable":true,"href":"https:\/\/www.la-laurentine-1798.fr\/index.php?rest_route=%2Fwp%2Fv2%2Fcomments&post=10"}],"version-history":[{"count":6,"href":"https:\/\/www.la-laurentine-1798.fr\/index.php?rest_route=\/wp\/v2\/pages\/10\/revisions"}],"predecessor-version":[{"id":319,"href":"https:\/\/www.la-laurentine-1798.fr\/index.php?rest_route=\/wp\/v2\/pages\/10\/revisions\/319"}],"wp:featuredmedia":[{"embeddable":true,"href":"https:\/\/www.la-laurentine-1798.fr\/index.php?rest_route=\/wp\/v2\/media\/5"}],"wp:attachment":[{"href":"https:\/\/www.la-laurentine-1798.fr\/index.php?rest_route=%2Fwp%2Fv2%2Fmedia&parent=10"}],"curies":[{"name":"wp","href":"https:\/\/api.w.org\/{rel}","templated":true}]}}